e 0 = 2*i + 6, 6*i - 2*i = 5*b - 127. Let h(y) = -42*y - 2 + b*y - 6*y**3 + 20*y. Is h(-3) prime?
True
Suppose 8 = 4*h - 4. Is 7/((-42)/(-4198))*h a prime number?
True
Suppose 14*t = 65508 + 24890. Is t a prime number?
False
Let y(z) = 19*z**2 - 3. Let s be y(2). Let o = 608 - s. Let h = 914 - o. Is h a prime number?
True
Let f(d) = -2*d**2 - 41*d - 86. Let m be f(-18). Suppose 0 = i + 5*r - 1287, m*i - 3*r = 6440 - 1338. Is i composite?
False
Suppose -5*l = -4*l - 2*l. Let a(g) = g**3 + g**2 - 3*g - 36. Let v be a(l). Is (-5 + v/(-6))/((-1)/(-1007)) a composite number?
True
Let l = 23173 + 12204. Is l composite?
True
Let h = -9 + 17. Let g be (3/6)/(1/h). Is -4 + g/(4/227) prime?
True
Let b(d) = 28*d + 57. Suppose -5*y + 3 = -4*y - 5*o, 0 = -5*y - 4*o + 15. Suppose 5*k + 5*v - 24 = y*k, 5*k - 41 = -3*v. Is b(k) a prime number?
False
Let k be -79 + (-8)/(-4) + -5. Suppose -4*m = 2*t - 0*t + 228, -2*t = 2*m + 114. Let u = m - k. Is u a composite number?
True
Let s = -7432 + 21569. Is s prime?
False
Suppose -4*b - 86 = -4578. Suppose 0 = -2*g + 3*t + 7948, -2*g + 6823 = -4*t - b. Is g a prime number?
False
Let g = -40451 + 51654. Is g a prime number?
False
Let s(y) = 5*y**2 + 27*y - 16. Let c be s(-6). Suppose -3*b - 5034 + 1488 = -3*i, 3571 = 3*i + c*b. Is i prime?
True
Let d be (-9)/6*42/(-9). Suppose d*f + 10 - 31 = 0. Suppose 4*k - f*k - 79 = 0. Is k a prime number?
True
Let g be 9206/16 - 24/64. Is g*16 + -9 + 6 a prime number?
False
Suppose 26 = 5*u + 6. Suppose 2*a = -5*x + 3511, a + u*x = -a + 3508. Let y = a - 877. Is y prime?
False
Suppose 0 = j - 343*m + 346*m - 700895, 2102695 = 3*j + 4*m. Is j a prime number?
False
Let x(q) = -42*q**2 + q - 3. Let y(b) = 125*b**2 - 4*b + 9. Let a(d) = -7*x(d) - 2*y(d). Is a(8) a prime number?
False
Suppose 16509138 = 341*i - 227*i. Is i composite?
False
Let s(g) = -72*g**2 + 32*g + 13. Let i(l) = 216*l**2 - 94*l - 38. Let w(m) = 6*i(m) + 17*s(m). Is w(15) prime?
False
Let z be (4/(-6))/((-4)/126). Suppose 15*n = 22*n - z. Suppose -n*p + 2047 = -4808. Is p a prime number?
False
Let m(n) = 0 + 9*n**2 + 46*n + 24 + 26 + 2. Is m(-29) composite?
False
Let t(w) = -360*w**2 - 11*w + 1. Let d be t(-6). Let z = d + 26260. Is z composite?
False
Let k(x) = 27*x**2 - 51*x - 2677. Is k(-53) a prime number?
True
Let u be (-624)/48 - (-26)/2. Let t(k) = 415*k + 8. Let b be t(7). Suppose 3*m = -u*m + b. Is m prime?
True
Suppose 583734 = -10*p + 1201220 + 2042084. Is p a composite number?
False
Let o(a) = 8*a**3 - a**2 - 5*a - 4. Suppose -48*b = -50*b + 16. Let t be o(b). Let x = t + -2609. Is x a composite number?
True
Suppose 4*q + 2*f + 5704 = -0*f, -q - 1408 = -4*f. Let o = q - -5677. Is o prime?
True
Let j(a) = 16*a**3 - 9*a**2 + 4*a - 7. Let s = -33 + 37. Suppose 5*m - 5*n - 35 = 0, n + 4*n - 1 = -s*m. Is j(m) a composite number?
True
Suppose -5*t = 47*i - 45*i - 3200535, 0 = 5*t + 3*i - 3200540. Is t a prime number?
False
Let s(r) = 5*r + 53. Let q be (2/(-1)*-5)/(-1). Let p be s(q). Suppose h + 2*x - 467 = 0, 474 = h - p*x - 2*x. Is h composite?
True
Let x be (-4)/12 - -1*(-29465)/(-15). Let a be 38/4 + (-4)/(-8). Suppose -x = -14*l + a*l. Is l prime?
True
Suppose -163653 = -77*x + 5497156. Is x composite?
False
Let o = 145 - 143. Suppose -9539 = -o*m - 3*x, 7*x - 2*x = 4*m - 19089. Is m composite?
True
Let m(d) = -d**2 + 34*d - 265. Let a be m(21). Is (-281205)/(-360) + (-1)/a a prime number?
False
Let o = 33671 + -18708. Is o composite?
True
Let g(w) = 2*w**2 + 13*w + 6. Let j(t) be the first derivative of 4*t**3/3 + 13*t**2 + 13*t + 15. Let l(u) = -5*g(u) + 3*j(u). Is l(-10) prime?
True
Let q(d) = -20975*d - 564. Is q(-11) prime?
False
Let u(i) = 8*i + 49. Let f be u(-6). Let k be 15/30*(2977 - f). Let c = k + -947. Is c a prime number?
True
Suppose -2*p + 3*k - 593 = -2363, 0 = 2*p + 2*k - 1780. Let g = p - -19. Is g a prime number?
True
Let l(z) = z**2 + 15*z + 47. Let s be l(-10). Is 2*(-4703)/6*s prime?
True
Suppose 0 = -3*a - 5*p + 26120, -3*p = 4 + 11. Suppose -30*l - a = -35*l. Let n = l - 865. Is n composite?
True
Let i = -752 - -766. Let h = 2881 + 1089. Suppose h = -4*o + i*o. Is o composite?
False
Let z(k) = 1426*k**2 - 192*k**2 + 2 + 325*k**2 + 2*k. Is z(-1) a composite number?
False
Is (-1604766)/(-3) + -2 - (25 + -14 + -4) a prime number?
True
Let o be (-1 + (-4 - 588))/(-1). Let w = -303 + o. Let n = w + -133. Is n prime?
True
Suppose -113*h + 4052035 = -111*h - w, 3*h - 3*w - 6078042 = 0. Is h composite?
False
Let p(b) = -8*b. Let n(a) = -17*a + 10. Let s(t) = n(t) - 5*p(t). Let c(q) = 8*q**2. Let r be c(-1). Is s(r) a composite number?
True
Let d(x) be the third derivative of 379*x**5/5 + 11*x**4/6 - 89*x**3/6 - 81*x**2. Is d(2) prime?
True
Let d(u) = 2144*u + 17. Let l be 1/(3/12) + -3. Is d(l) composite?
False
Let m(a) = 124066*a**2 - 32*a + 3. Is m(1) a prime number?
False
Suppose -136*o = -61*o - 1240275. Is o a prime number?
False
Let f be -1*4/((-12)/(-2391)). Let p = f + 1246. Let z = p - 286. Is z a composite number?
False
Let r be 2/4 + 1 + 19/(-38). Is ((-148)/16 - 0)*-44*r a prime number?
False
Let u = -262 - -364. Is (-71666)/(-30) + u/90 + -1 prime?
True
Suppose 0 = 131*d - 18594668 - 3577500 - 14462375. Is d a composite number?
True
Suppose d = 13 - 7. Suppose 15*g + 18 = d*g. Is (-3 - g) + 2 + 36*35 composite?
True
Is ((-6)/24 + 2004/(-16))*(-466 - 0) a composite number?
True
Suppose 15 = 3*u, 2*s - 3*u - 29454 = 293573. Is s prime?
True
Let a(m) = -9*m**3 + 2*m**2 + 4*m + 1. Let i be a(-3). Let t = 479 - i. Let o = -6 + t. Is o a prime number?
True
Let p(h) = h**3 - 6*h**2 + 17. Let j be p(0). Suppose 19*g = -j*g + 240444. Is g composite?
False
Suppose 0 = t - 3, -24*v + 2*t - 90443 = -25*v. Is v composite?
False
Suppose -5*y + 44 - 9 = 5*l, 2*l + 3*y = 10. Suppose 592 = 3*n - l*n. Is 2/13 + n/(-26) - -80 prime?
True
Suppose -15923552 = -3*j - 99*j + 22443442. Is j a prime number?
True
Suppose -4*z = 3*v - 9, -26*v = -4*z - 21*v + 49. Suppose -w + 36239 = z*w. Is w a prime number?
False
Let r(s) = 3*s - 4*s + 4*s + 7 + 1664*s**3 - 3*s + s**2 - 8*s. Is r(2) composite?
True
Suppose 26*u + 28*u - 43*u = 1270181. Is u composite?
False
Let o(i) = 36151*i + 823*i**3 - 36152*i + 3*i**2 + 1 - 897*i**3 + 2806*i**3. Is o(1) prime?
False
Let y(v) = v**2 - 12*v + 11. Let k be y(11). Suppose -4*d - 3*s = -6*s - 14, 0 = -2*s + 4. Suppose 4*a - 8 = k, 4*r - 375 = -d*a + 47. Is r a prime number?
True
Let n be 5712/10 + (-4)/((-60)/(-3)). Let x = n + -278. Is x prime?
True
Let j(k) be the third derivative of 0 + 8/5*k**5 - 13/6*k**3 - 3/8*k**4 + 0*k + 32*k**2. Is j(-4) prime?
True
Suppose 2*l = -4*z + 28 + 240, 2*l = -z + 283. Let a = l - 26. Is a a prime number?
False
Suppose 4*b = -4*j - j + 13850, -3*j = 3*b - 8313. Suppose 0 = 2*l - s - j - 5220, 4*s - 15948 = -4*l. Is l prime?
False
Let r be -6*1*(-1)/2. Suppose 8*f + 33 = -r*f. Is (f/(-2))/((-33)/(-13882)) prime?
True
Let k be (-30)/70 - (-505555)/35. Let v = k - 7123. Is v composite?
False
Suppose r - 2*t = 509907, -5*r - 4*t + 1580487 = -968978. Is r a prime number?
False
Suppose 14 = 8*h - 2. Suppose -4*j + 30524 = -h*d, -3*j - j = -d - 30528. Is j composite?
True
Let u(l) be the second derivative of -l**5/4 - 5*l**4/6 - 11*l**3/3 + l**2 - 26*l. Is u(-7) prime?
True
Let h(t) = 94*t**3 - 18*t**2 + 265*t + 48. Is h(13) a composite number?
True
Let r(k) = 5230*k + 1527. Is r(40) composite?
True
Suppose -341990 = -31*x + 9*x. Is x prime?
False
Let i = 129114 + 38195. Is i a composite number?
False
Suppose -2*u + 5*l = -0*l - 19359, -9642 = -u - 5*l. Let w = 17731 - u. Suppose -8*a + w = 1896. Is a composite?
True
Let r = 162623 - 78309. Is r prime?
False
Let p be 2/(2 + -4)*-2. Suppose 3*w - 1 - p = 0. Let d(r) = 507*r - 8. Is d(w) a prime number?
True
Let p = 23701 + 66052. Is p a prime number?
True
Suppose 6*a = 2*a. Suppose a = -22*f + 17*f + 34735. Is f a prime number?
True
Is (-10)/80*8*(-261410)/2 a prime number?
False
Let n be -3 + 3 + 3/(-6)*2. Let i be (n + 1)/(24 + -25). Suppose i = 5*m - 272 - 393. Is m prime?
False
Let q = 5182 - 4143. Is q a prime number?
True
Let p be 0/(-5) - 6 - -17. Suppose -p*t = t - 29892. Is t prime?
False
Let h = 47 - 45. Suppose 0 = 4*z - t - 2602 - 3571, 0 = h*z + 3*t - 3083. Is z composite